(z) = 0*z + 2*z**2 - 3 - z - r*z + z**3 + 3*z. Determine y(-3).
-9
Let d be (-88)/(-16) - 3/6. Let g(q) = -7*q**2 + 2*q - 5. Suppose -c - 6 = -0*c. Let v(s) = -8*s**2 + 2*s - 6. Let r(w) = c*v(w) + 7*g(w). Give r(d).
-14
Let q = -84 + 87. Suppose 2*g - q*g - 5*h + 4 = 0, 2*h + 20 = -4*g. Let y(p) = -p**3 - 7*p**2 - 7*p - 2. Calculate y(g).
4
Let m = 1 + -9. Let h(t) = t**2 + 22*t - 4. Let n(b) = b**2 + 20*b - 2. Let k(u) = -5*h(u) + 6*n(u). Give k(m).
-8
Let r(i) = -i**3 - 16*i**2 - i - 14. Let s be r(-16). Let a(h) = 0*h + 3*h - 4*h - s. Let o(w) = -w**2 + 5*w + 3. Let f be o(5). Determine a(f).
-5
Let d(t) be the second derivative of -t**5/20 + t**4/6 + t**3/3 + 3*t**2 - 21*t - 2. What is d(3)?
3
Let w(g) = 589*g + 584*g + 593*g - 1767*g + 3. Calculate w(-2).
5
Let u = 36 - 21. Let g be -27*(-2 - u/(-9)). Let q(l) = l - 4. Calculate q(g).
5
Let p = 4 + -2. Let m(q) be the second derivative of -q**6/120 + q**4/24 - q**3/3 - 7*q**2/2 - 6*q. Let c(d) be the first derivative of m(d). Calculate c(p).
-8
Suppose n + 5*x + 94 = 0, n + 0*n + 80 = 2*x. Let p = 84 + n. Let f(a) be the third derivative of -a**6/120 - a**5/60 - a**2. Give f(p).
0
Let s(w) = -4*w - 2*w + 3*w**3 - 7 + 402*w**2 - 4*w**3 + 5*w - 396*w**2. Give s(5).
13
Suppose -57*a + 100 = -77*a. Let y(f) = f**2 + 7*f + 7. Calculate y(a).
-3
Suppose 2*r - 2*z - 61 = -r, -5*r + 103 = -2*z. Let l be 36/r - 2/(-7). Let y(a) = a**2 + 5 - 2*a**2 + 3*a**l + 6*a - 3*a**2. What is y(6)?
5
Let x(m) be the first derivative of 7*m**4 - 2*m**3/3 + m**2/2 - 110. Calculate x(1).
27
Suppose -5*x + 4*u = -32, -11 = 26*x - 28*x + u. Let o(y) = 3*y + 3. What is o(x)?
15
Let b(h) = -h**2 + 1. Let t be (8/6 - 1)/(2/(-18)). Let u be (-1 + -3)*t/6. Give b(u).
-3
Suppose 9*f + 0*f + 441 = 0. Let r = 55 + f. Let t(o) = o**2 - 7*o - 3. Calculate t(r).
-9
Let f be (-16 + 1)*45/(-27). Let y(k) = -14*k + 3. Let l be y(2). Let v = l + f. Let a(h) = -h**3 + h**2 + h - 6. What is a(v)?
-6
Let s(r) = r**2 - r + 7. Let a be s(3). Let w = 10 - a. Let c(g) be the second derivative of g**3/6 + g**2 + 2*g. Give c(w).
-1
Let w = -13 - -13. Suppose 5*a - 4*a - 4 = w. Suppose -3*n = -2*n - a. Let c(l) = -l**3 + 2*l**2 + 6*l - 2. Determine c(n).
-10
Let c(n) be the first derivative of 8 + 3*n - 1/3*n**3 + 7/2*n**2. Determine c(7).
3
Let w(r) be the third derivative of r**6/60 + r**5/15 - r**4/12 - r**3/3 - 59*r**2. Calculate w(-3).
-14
Let m(l) = l**2 + 6*l + 6. Suppose -3*a - 3*o = 102, 3*a = -a - 5*o - 131. Let n = a - -32. Determine m(n).
13
Let l(b) = -11*b**2 + 77*b - 1. Let h be l(7). Let x(c) = 3*c**3 + c**2 - 2*c - 2. What is x(h)?
-2
Let g(y) = -y + 2. Suppose -21 = -5*j + 104. Suppose o + 5*l - 7 = 0, -l - 19 = -14. Let f = o - j. Give g(f).
-5
Let i be (-37)/(-3) - 1/3. Let y(w) = 6*w + 83. Let t(o) = -7*o - 102. Let k(x) = 5*t(x) + 6*y(x). Determine k(i).
0
Let b(p) = 3*p**3 + 8*p**2 + 2*p - 1. Let j be b(-2). Let s(r) = -7*r**2 + 8*r**j - r**3 + 8*r - 6*r**3. Determine s(6).
12
Let y(p) = p + 22. Let x = -1131 - -1122. Determine y(x).
13
Let w(t) = t**3 - 20*t**2 + t - 4. Let r(g) = g**3 - 24*g**2 - 4. Let o(s) = 3*r(s) - 4*w(s). What is o(8)?
-28
Let v(c) = -13*c**2 + 13*c + 5. Let f(q) = 4*q**2 - 5*q - 2. Let g(y) = 8*f(y) + 3*v(y). What is g(2)?
-31
Let u(o) = -3*o**2 - 2*o + 2. Suppose n - 3*b = 14, 3*n - 6 = -0*n - 3*b. Suppose c - 2 = -5*k, 3 = n*c - k + 19. What is u(c)?
-19
Let y(b) = b**2 - 4*b - 1. Let h(j) = -j**2 - 6*j + 19. Let m be h(-8). Suppose 4*x - 19 + m = -4*q, -2*x = -4*q + 10. Determine y(q).
-4
Suppose -3 = -3*w - 12. Suppose -3*k - 13 = -31. Let n(x) = k*x - 3*x - 1 + 2 - 3. Determine n(w).
-11
Let h(s) be the second derivative of s**4/12 + 7*s**3/6 + s**2/2 + 2*s. Let q(z) = 2*z**2 - z + 2. Let j be q(1). Suppose -6*y - 21 = -j*y. What is h(y)?
1
Let a(o) = -o**2 - 6*o + 7. Let f be a(-8). Let i(l) = -l**3 - 8*l**2 + 10*l + 11. Let r be i(f). Let z(v) = -v - r + 0 + 2*v - 1. What is z(4)?
1
Let t(x) = -4*x**3 + 12*x**2 - 11*x - 11. Let g(n) = -3*n**3 + 12*n**2 - 12*n - 7. Let k(p) = -3*g(p) + 2*t(p). Calculate k(11).
32
Let h(f) = -f**3 - 10*f**2 + 9*f + 11. Suppose 4 + 7 = -w. Calculate h(w).
33
Let r(q) = 4*q**2 + 3*q + 1. Let u(y) be the second derivative of y**4/6 + y**3/3 + 9*y. Let a(j) = 3*r(j) - 5*u(j). What is a(3)?
18
Let j(y) be the second derivative of 1/12*y**4 + 11*y + 3/2*y**2 + 0 - 2/3*y**3. Calculate j(4).
3
Suppose -101*o = -97*o + 12. Let c(i) = -2*i**3 - 5*i**2 + i + 2. What is c(o)?
8
Let f(m) = 27 - m + 24 - 40. Let h = -108 + 116. What is f(h)?
3
Let o = 90 - 20. Let q(k) = o*k - 142*k + 71*k. Give q(-1).
1
Let s be 2 + (0 + -1 + 0 - 1). Let a(b) be the first derivative of -b**2/2 - 3*b - 8. Determine a(s).
-3
Let l(y) = -y**2 - 2*y - 4. Let p(b) = -2*b - 3. Let d = 32 - 36. Let q(u) = d*l(u) + 5*p(u). Calculate q(1).
3
Let i be -3*1 - (13 - (-6 + 17)). Let n(l) = -5*l - 1. Calculate n(i).
24
Let f(i) = 0 + 0 + 5 + 1 + 3*i. Determine f(-6).
-12
Let b(c) = -c**3 + 11*c**2 + c + 9. Suppose 5*r - 2*f + 18 - 69 = 0, 0 = -4*r + 3*f + 38. Give b(r).
20
Suppose -10*g + 15*g = -100. Let l be (18/15)/((-4)/g). Let a(x) = -x**2 + 6*x - 7. Calculate a(l).
-7
Let c(j) = -1 + 1 - 1 + 2*j**2 - j. Let x(f) = -f**2 - 9*f - 16. Let p be x(-9). Let q = p - -15. Give c(q).
2
Let z(t) = -14*t**2 - t - 1. Let o(k) = -k**3 - 17*k**2 - 16*k + 2. Let w be o(-16). Suppose -w = -p + 3*p. Give z(p).
-14
Let k be (4/(-8))/(2/(-12)). Let p(r) = -r - 5*r**k - 3 + 4*r**3 + 2. Let x(f) = -5*f**3 - 4*f - 6. Let c(t) = -4*p(t) + x(t). Calculate c(-2).
6
Let j(q) = 3*q**3 - 7*q**2 - 5*q. Let f(a) = -16*a**3 + 36*a**2 + 25*a + 1. Let b(p) = -2*f(p) - 11*j(p). Determine b(6).
-8
Let c(a) = 2*a**2 + 2*a - 11. Let q(g) = 7*g**2 + 6*g - 31. Let b(m) = -17*c(m) + 6*q(m). What is b(-1)?
7
Let j(h) be the first derivative of -h**3/3 + 3*h**2 + 3*h - 1. Let b(v) = -2*v**2 - 34*v - 37. Let i be b(-15). Suppose -26*a = -i*a - 18. Determine j(a).
3
Let q(x) be the third derivative of -x**4/3 - x**3/6 - x**2 - 234*x. Calculate q(2).
-17
Let t(u) = -u**2 + 8*u + 3. Let z = -79 - -86. What is t(z)?
10
Let f(o) = 7*o**2 - o - 4. Suppose 161 = -2*z + 165. Determine f(z).
22
Let y(h) be the second derivative of 0 - 1/12*h**4 - 9*h - 1/6*h**3 - h**2. Determine y(3).
-14
Let y(f) be the third derivative of -f**4/8 + 2*f**3/3 + 135*f**2. Calculate y(3).
-5
Let g(h) be the third derivative of -h**5/60 + h**4/24 - h**3/3 - 15*h**2. Let j(i) = i**3 - 4*i**2 + 2*i - 4. Let v(q) = 2*g(q) - j(q). Calculate v(2).
0
Suppose 64*m - 63*m = 2. Let o(h) be the third derivative of -h**5/10 + h**4/6 - h**3/3 - h**2. What is o(m)?
-18
Let a = 167 - 174. Let l(x) = -x**2 - 10*x - 1. Determine l(a).
20
Let w(o) be the third derivative of o**5/60 + o**4/2 + 8*o**3/3 - 14*o**2 + 3*o. What is w(-8)?
-16
Let t(f) be the second derivative of f**4/12 + 7*f**3/6 - f**2/2 + 97*f - 2. Give t(-3).
-13
Let w(d) = 2*d**2 - 13*d - 8. Let b(y) = -3*y**2 + 20*y + 12. Let r = -31 - -26. Let i(j) = r*b(j) - 8*w(j). Determine i(6).
-8
Let d(k) be the second derivative of -2*k**2 - 5/3*k**3 + 1/20*k**5 + 22*k + 0 + 1/2*k**4. Calculate d(-7).
17
Let w be ((-2)/(-4) - 1)*(1 + -5). Suppose -5*d - u - 22 = -0*u, -w*d = u + 7. Let o(i) = -5*i - i**3 + 4*i**2 + 2*i**3 + 0 - 3. Determine o(d).
-3
Let j(v) = 4*v. Suppose -s + 0 = -4. Let p be 2*2/(-4)*-3. Suppose 2*c = s*c - 10, 4*c = -p*q + 17. What is j(q)?
-4
Let t(d) = 7*d - 1. Let b(i) = -20*i + 3. Let x(k) = 6*b(k) + 17*t(k). What is x(7)?
-6
Let o(j) = -j**3 - 9*j**2 + 1. Let y(f) = 27*f - 9. Let n be y(0). Determine o(n).
1
Let b(r) = -4*r + 79 - 35 - 45. Calculate b(-2).
7
Let c(f) = f**3 + 6*f**2 + 7*f + 1. Let u(t) = -3*t**3 - 2*t**2 - t + 1. Let h be (-16)/7 + 14/49. Let y be u(h). Let k = y - 24. What is c(k)?
-9
Suppose -2*b - m = 3*m - 18, 13 = b + 3*m. Let u(f) = -2*f**2 - f + 0*f + 2*f + 84*f**3 - 77*f**3. What is u(b)?
6
Let b(l) = -l + 5. Let j(n) = n - 6. Let k be (-1)/((-13)/(-4) + -3). Let o(u) = k*j(u) - 5*b(u). Determine o(0).
-1
Let r(v) = 2*v**2 + 5*v - 7. Suppose 3*t + 20 = -n, -13*n + 5 = 3*t - 17*n. Determine r(t).
18
Suppose 3*z + 1 = 22. Let x(a) = 0*a + 3 - z*a**2 + 12*a**2 + 2 - 2*a - a**3. What is x(5)?
-5
Let k(i) be the second derivative of i**5/10 - i**4/4 + i**3/3 - i**2/2 + 